) = -5*o + 5. What is q(6)?
-25
Let z(v) = v**3 - 14*v**2 + 2*v - 31. Calculate z(14).
-3
Let z(p) = -10*p - 39. What is z(-4)?
1
Let i(q) = q**3 - 20*q**2 + 4*q + 3. Calculate i(20).
83
Let s(l) = l**3 + 7*l**2 + 5*l + 9. What is s(-7)?
-26
Let f(r) = -r**2 + 40*r + 215. Determine f(-5).
-10
Let z(t) = 4*t**2 - 4*t - 3. Determine z(2).
5
Let w(f) = 36*f + 130. What is w(-4)?
-14
Let g(k) = -k - 5. Determine g(5).
-10
Let f(s) = 2*s**2 - 6*s + 5. Determine f(1).
1
Let w(y) = 3*y**2 - 2. Determine w(1).
1
Let s(f) = f**3 - 5*f**2 - 5*f. Give s(-1).
-1
Let x(s) = s**2 + 13*s + 9. What is x(-5)?
-31
Let r(j) = j + 8. Give r(4).
12
Let z(v) = 2*v**3 - 2*v**2 + 3*v - 3. Calculate z(2).
11
Let c(z) = -z**3 + 18*z**2 + 4*z - 73. What is c(18)?
-1
Let y(d) = 42*d - 1423. What is y(34)?
5
Let p(h) = 16*h**2 - 2*h. Calculate p(2).
60
Let z(v) = -v + 59. Give z(0).
59
Let c(l) = l**3 + 11*l**2 + 9*l + 2. What is c(-10)?
12
Let b(t) = t**3 + 16*t**2 + 29*t + 13. Give b(-14).
-1
Let y(b) = -b**2 - 14*b - 12. Calculate y(-9).
33
Let i(v) = v**3 - 4*v**2 - 7*v - 1. What is i(5)?
-11
Let x(k) = k**2 + 6*k + 7. Give x(-2).
-1
Let u(c) = -15*c - 61. Calculate u(-5).
14
Let a(r) = 2*r**2 + 30*r + 31. Calculate a(-14).
3
Let j(t) = 2*t + 2. Calculate j(7).
16
Let r(k) = -3*k**2 - 16*k + 15. What is r(-6)?
3
Let u(s) = -s**3 - s**2 - 1. Determine u(0).
-1
Let k(n) = -15*n - 72. What is k(-5)?
3
Let h(r) = -71*r**3 - r**2 + r + 1. Give h(1).
-70
Let o(g) = 2*g**2 - 2*g - 1. Calculate o(3).
11
Let w(m) = m**2 - 9*m. What is w(8)?
-8
Let d(t) = -5*t - 12. What is d(5)?
-37
Let k(m) = 34*m - 64. What is k(2)?
4
Let z(s) = s**3 + 5*s**2 - 4*s - 2. Give z(-6).
-14
Let q(x) = x**3 - 3*x**2 - 3. Calculate q(0).
-3
Let u(l) = l**3 + 7*l**2 + 3*l - 8. Calculate u(-6).
10
Let t(n) = 3*n**2 - 58*n + 68. Determine t(18).
-4
Let f(h) = h**2 + 2*h + 1. Determine f(0).
1
Let w(k) = 5*k**2 + k. Determine w(4).
84
Let r(f) = -f**3 - 7*f**2 - 8*f - 1. Give r(-5).
-11
Let k(r) = -9*r + 57. Give k(7).
-6
Let q(s) = s + 50. What is q(-37)?
13
Let m(a) = -a**2 - a + 4. Give m(5).
-26
Let p(j) = -9*j + 11. Give p(5).
-34
Let k(p) = -3*p**2 + p + 110. Give k(0).
110
Let y(w) = w**3 - 9*w**2 + 11*w + 6. Give y(6).
-36
Let l(s) = -7*s**3 + 3*s**2 + 2*s + 2. Determine l(-2).
66
Let q(c) = -c**2 - 10*c - 20. Determine q(-7).
1
Let s(v) = v + 9. What is s(11)?
20
Let r(f) = 11*f**2 - 3*f - 5. Give r(-2).
45
Let d(u) = -u**3 - 10*u**2 - 26*u - 22. What is d(-7)?
13
Let b(z) = -15*z - 37. Calculate b(-3).
8
Let r(q) = 4*q**2 + 5*q + 8. Calculate r(-3).
29
Let g(m) = -m**2 + 13*m - 32. Determine g(10).
-2
Let z(v) = -v**3 + 5*v**2 + 9*v - 8. Calculate z(6).
10
Let z(n) = n**3 - 5*n**2 + 3*n - 9. Calculate z(4).
-13
Let z(u) = 28*u - 2. Give z(2).
54
Let h(g) = -g**3 + 7*g**2 - 2*g + 4. Determine h(7).
-10
Let q(v) = -6*v - 1. What is q(2)?
-13
Let d(o) = o**2 - 7*o + 7. Determine d(4).
-5
Let z(k) = -85*k + 1531. What is z(18)?
1
Let q(i) = -2*i**3 - 9*i**2 - 9*i - 16. Give q(-4).
4
Let c(r) = -r**3 - 4*r**2 + 5*r + 5. Give c(-5).
5
Let s(k) = k. Determine s(-17).
-17
Let x(d) = 10*d - 30. Give x(2).
-10
Let o(f) = -18*f**2 - 2*f + 3. What is o(-1)?
-13
Let z(t) = t**2 - 4*t - 4. Calculate z(-1).
1
Let u(g) = -g**2 - g + 23. Determine u(0).
23
Let y(h) = h**3 - 3*h**2 + 3. Give y(3).
3
Let n(d) = -d**2 - 2*d + 33. Give n(0).
33
Let n(g) = -g - 26. Give n(20).
-46
Let c(n) = -3*n + 20. What is c(-8)?
44
Let r(k) = -k**3 + k**2 + k - 38. Calculate r(0).
-38
Let a(y) = -5*y + 41. What is a(7)?
6
Let i(g) = g**2 + 27*g - 14. Give i(-29).
44
Let l(y) = -y**3 + 8*y**2 - 12*y - 2. Calculate l(6).
-2
Let t(k) = 2*k**3 - 6*k**2 + 2*k - 1. What is t(4)?
39
Let r(m) = m**3 + 32*m**2 - 11. What is r(-32)?
-11
Let a(i) = 66*i**3 - i**2 + 2*i - 1. Calculate a(1).
66
Let f(h) = -h + 6. Calculate f(5).
1
Let h(k) = -9*k**2 - 2*k + 1. Determine h(1).
-10
Let l(n) = -n + 7. Calculate l(-5).
12
Let m(q) = -9*q - 411. Determine m(-47).
12
Let t(s) = s**3 + 12*s**2 - 3*s + 5. Determine t(-12).
41
Let y(o) = -o**3 + 7*o**2 - 9*o + 6. Calculate y(6).
-12
Let a(p) = -p**2 + 12*p + 10. Calculate a(13).
-3
Let o(a) = 5*a**2 - 2*a. What is o(1)?
3
Let z(f) = f**3 + 4*f**2 - 7*f + 2. Give z(-5).
12
Let t(b) = -b**3 + 11*b**2 - 29*b - 18. Determine t(6).
-12
Let s(o) = -22*o**3 - o**2 - 2*o. Give s(-1).
23
Let d(g) = -g**2 + 8*g. Determine d(8).
0
Let s(c) = -c**2 + 12*c + 20. What is s(14)?
-8
Let v(i) = -i**3 - 19*i**2 - 91*i - 12. Give v(-10).
-2
Let j(t) = -t**2 + 8. Determine j(-4).
-8
Let h(c) = c**3 + 12*c**2 + 32*c + 11. Give h(-8).
11
Let c(d) = -d**3 + d**2 - 39. Calculate c(0).
-39
Let d(c) = -c**2 - 11*c + 21. Determine d(-13).
-5
Let n(l) = l**2 - 4*l - 5. What is n(6)?
7
Let d(z) = z**3 - 10*z**2 - 11*z - 2. Determine d(11).
-2
Let s(c) = -13*c - 2. Calculate s(-2).
24
Let w(g) = -g**3 + 20*g**2 + 20*g + 48. What is w(21)?
27
Let d(a) = a**3 + 2*a - 3. Determine d(0).
-3
Let x(g) = g**2 + 8*g - 26. Calculate x(-12).
22
Let l(u) = -2*u - 27. Calculate l(8).
-43
Let n(u) = 124*u + 4. Calculate n(-1).
-120
Let f(u) = 67*u - 331. Give f(5).
4
Let p(a) = a**3 - 4*a**2 - 16*a + 8. What is p(6)?
-16
Let h(j) = j**2 - 29*j + 161. Give h(6).
23
Let w(j) = -2*j + 85. Give w(35).
15
Let b(y) = -y**3 - 21*y**2 - 16*y. What is b(-20)?
-80
Let w(t) = -t**2 - 4*t + 16. Calculate w(-8).
-16
Let z(s) = s**2 + 10*s + 27. Determine z(-6).
3
Let t(r) = 2*r**2 - 34*r + 98. What is t(13)?
-6
Let v(s) = s**2 - 7*s - 3. Give v(6).
-9
Let u(m) = -m**3 - 11*m**2 - 9*m + 2. What is u(-10)?
-8
Let d(v) = -v**2 + 8*v - 10. What is d(10)?
-30
Let x(l) = 7*l**2 - 11*l - 12. Give x(4).
56
Let w(h) = 3*h**2 - 174*h + 6. Determine w(58).
6
Let w(b) = 17*b**2 + 5*b + 6. Determine w(-1).
18
Let f(l) = -l**2 - 5*l + 8. Calculate f(-6).
2
Let j(z) = z**2 - 5*z - 3. Calculate j(-5).
47
Let m(l) = -l**3 - 4*l**2 + 2*l + 2. Calculate m(-5).
17
Let i(p) = 2*p - 12. Calculate i(8).
4
Let q(o) = 3*o - 15. Determine q(4).
-3
Let v(k) = k**3 - 20*k**2 + 31*k + 66. Determine v(18).
-24
Let a(o) = o**3 + o**2 - 2*o. Calculate a(0).
0
Let q(i) = i**3 - 2*i**2 + 3*i - 6. What is q(3)?
12
Let m(j) = -2*j**3 + 2*j**2 + 5*j - 7. What is m(2)?
-5
Let s(q) = q**3 - 17*q**2 - 2*q - 4. Calculate s(17).
-38
Let y(t) = t**2 - 18*t + 24. What is y(17)?
7
Let r(j) = -17*j - 34. What is r(-2)?
0
Let c(o) = -o**2 + 4*o + 20. Calculate c(-3).
-1
Let q(v) = -2*v**2 + 12*v + 67. Give q(-4).
-13
Let f(w) = w**3 + w + 1. Give f(-1).
-1
Let u(l) = -27*l. What is u(-1)?
27
Let l(o) = -o - 29. What is l(-22)?
-7
Let n(s) = 7*s**3 + 5*s**2 + 2*s + 4. Calculate n(-2).
-36
Let i(x) = x**3 + 4*x**2 - 4*x + 1. Give i(3).
52
Let a(t) = 5*t - 3. Calculate a(-1).
-8
Let n(l) = -5*l**2 - 3*l + 3. Give n(1).
-5
Let f(j) = 4*j + 15. What is f(-6)?
-9
Let x(b) = -b**3 - 11*b**2 + 26*b - 6. What is x(-13)?
-6
Let u(h) = -h**3 + h**2 - 2*h + 135. Give u(0).
135
Let r(b) = -2*b**3 + 2*b**2 + 7*b - 10. Calculate r(2).
-4
Let o(n) = -36*n. What is o(-1)?
36
Let r(w) = w**3 + 14*w**2 + 9*w - 10. Determine r(-13).
42
Let c(y) = -y**3 - 7*y**2 - 4*y + 9. What is c(-5)?
-21
Let s(p) = -p**3 + 5*p**2 + 7*p - 9. Determine s(6).
-3
Let d(z) = z**3 - 4*z**2 - 7*z + 17. Determine d(5).
7
Let c(a) = -a**2 + 11*a + 12. Determine c(15).
-48
Let t(f) = -3*f + 22. Calculate t(16).
-26
Let n(b) = -23*b. Give n(-2).
46
Let o(b) = 104*b + 86. Give o(-1).
-18
Let b(g) = -15*g + 10. Calculate b(1).
-5
Let z(p) = 3*p + 11. Give z(-6).
-7
Let n(t) = 3*t**2 - 3*t. Calculate n(2).
6
Let k(o) = -45*o - 5. Give k(1).
-50
Let h(o) = -5*o - 13. Give h(-6).
17
Let i(l) = l**2 - 9*l - 41. Determine i(-3).
-5
Let p(i) = i**3 + 2*i**2 + 3*i + 3. Calculate p(-3).
-15
Let b(r) = r**3 - 8*r**2 + 8*r + 6. Determine b(6).
-18
Let s(i) = 21*i**3 - 2*i**2 + 2*i - 1. Determine s(1).
20
Let g(o) = -3*o**2 + 2*o + 2. Calculate g(-1).
-3
Let k(l) = -l**3 - 13*l**2 - 22*l + 2. Calculate k(-11).
2
Let r(c) = -c**2 - 13*c - 15. Calculate r(-11).
7
Let h(f) = -f - 3. Give h(3).
-6
Let i(g) = -g**2 - 7*g + 83. Give i(6).
5
Let z(r) = 3*r**2 - 26*r + 25. Calculate z(7).
-10
Let k(s) = 163*s**2. What is k(-1)?
163
Let m(d) = d**3 - 5*d**2 + 4*d + 7. Determine m(3).
1
Let r(c) = -8*c + 5. Give r(5).
-35
Let y(u) = -5*u + 19. Determine y(12).